9) + 12 + -13)?
23, 2689
Suppose 1397635 = 162*g - 6323933. List the prime factors of g.
2, 3, 331
Let s be 30/(4*(-6)/(-12)). Let p(g) = g**3 - 11*g**2 - 23*g + 3. What are the prime factors of p(s)?
2, 3, 31
Suppose 7*h + a = 4*h + 10, 3*h + 4*a - 4 = 0. Suppose 6*k - 18 = h*k. List the prime factors of 0 - (-1 - (k - (3 + -3))).
2, 5
Let u(a) = a - 20. Let g be u(-10). Let l = g + 36. Suppose 2*z = -l, c - z = 3*z + 31. List the prime factors of c.
19
Suppose -4*j - j = 3*c + 25, 10 = -2*j. Suppose 4*h - 218 = -5*w, 14*h = 5*w + 16*h - 224. Suppose c = -2*k - w + 128. What are the prime factors of k?
41
Let f(n) = -n**3 + 3*n**2 + 3*n - 7. Let v be f(3). Let b(r) = 2*r + 0 + 1 + 61*r**3 - 2 - 2*r**2 + 0*r**v. What are the prime factors of b(1)?
2, 3, 5
List the prime factors of (-77 + 1)*87/(-2).
2, 3, 19, 29
Let v = -41 - -50. Let o = v - 37. Let r = o + 57. List the prime factors of r.
29
Let t = 184 + -151. Suppose t*x - 29*x = 824. What are the prime factors of x?
2, 103
Let i be (-3 - -8)*(-6)/15. Let y(x) = x + 0*x**2 + x + 4 + 5*x**2 + 29*x**2. List the prime factors of y(i).
2, 17
Let v(i) = 158*i + 251. Let z be v(8). Let t = z + -965. List the prime factors of t.
2, 5, 11
Let y = 7334 + 4186. What are the prime factors of y?
2, 3, 5
Let o = -613 + 1962. Let w = 1938 - o. Let t = w - 402. List the prime factors of t.
11, 17
Let o be 123/(-2)*(-2)/3. Let s = -487 + 566. Suppose s = 4*n - o. What are the prime factors of n?
2, 3, 5
Let c(n) = 6*n**2 + 42*n + 10. Let i be c(-7). List the prime factors of (i - (-12)/3)/((-6)/(-366)).
2, 7, 61
Let b(d) = 157*d**2 - 3*d. Let y be b(2). Let n be (-322 + 2 + -7)/(3/(-6)). Suppose 11*a - y = n. List the prime factors of a.
2, 29
Let t(a) = 4*a + 11. Let g be t(6). Suppose g = -4*i - i. What are the prime factors of (-3 - i/2)*0 - -68?
2, 17
Let u(z) = -16427*z - 7709. What are the prime factors of u(-4)?
3, 19333
List the prime factors of (-5 - -6)*46350/9.
2, 5, 103
Suppose -9*d = -6*d + 4*q - 128327, -42764 = -d + q. List the prime factors of d.
19, 2251
Let a(b) = 24*b**2 - 43*b + 1320. What are the prime factors of a(18)?
2, 3, 19, 73
Suppose -2*y - 2241 = -3*o, 3*y + y + 2*o = -4522. Let z = y + 1663. Suppose -j + z = 3*d, 4*d - 928 = -j - 214. List the prime factors of d.
179
Suppose 47*z + 12 = 48*z. Suppose v - 2*m = -2*v + z, 16 = 4*v - m. Suppose -v*w = -11*w + 889. What are the prime factors of w?
127
Let j be 31 - (-6 + 2)/(-4). Suppose -4*w + 342 = s, -s - w = -366 + j. What are the prime factors of s?
2, 167
What are the prime factors of (57/(-6)*1)/(-1*(-12)/(-39624))?
13, 19, 127
Suppose -12*b + 72 = -8*b. Let x be b + -21 - -309*3. What are the prime factors of (x/(-60))/(1/(-5))?
7, 11
Let g be (375/(-300))/(1 - 15/12). Let p(t) = -t - 8. Let x be p(-8). Suppose -2*n + 3*z + 158 = x, -5*n - g*z + 113 = -257. List the prime factors of n.
2, 19
Suppose -674290 = 41*z - 51*z. Suppose 28400 + z = 51*s. List the prime factors of s.
1879
What are the prime factors of ((-17468)/(-6) - 16)*(-6)/(-4)?
43, 101
Suppose 5*w = 3*w - 3*q - 21, 3*w - 16 = 5*q. Let r be (-4)/(-6) - 7/w. Suppose -r*t = 2*t - 435. What are the prime factors of t?
3, 29
Let k(s) = s**2 - 10*s + 8. Let d be (-1)/(1/2) + 2. Suppose d*b = -14*b + 140. List the prime factors of k(b).
2
Let f(u) be the first derivative of -7/3*u**3 + 10*u + 1/4*u**4 - 13 + 9/2*u**2. What are the prime factors of f(5)?
5
Let o = -173 - -22. Let v = o + 619. Suppose v = u + 2*u. What are the prime factors of u?
2, 3, 13
Let m = -229 + -124. Let c = -104 - m. List the prime factors of c.
3, 83
Let a = 1 - 0. Let h be 7*(3 + a/(1/77)). Suppose 21*b = 26*b - h. List the prime factors of b.
2, 7
List the prime factors of 8/(-19*(-24)/1333116).
2, 3, 1949
Let b(t) = 2*t**3 - 17*t**2 - 5*t + 8. Let r be b(11). Suppose 3*z - 1368 = r. What are the prime factors of z?
2, 3, 107
Let a(g) = -8712*g + 4913. List the prime factors of a(-8).
74609
Suppose 5*k - 28225 = 5*p, 2*k - 65*p - 11294 = -67*p. What are the prime factors of k?
2, 3, 941
Suppose -28*i + 199572 + 293178 = -i. List the prime factors of i.
2, 5, 73
Let r be 10/(-12) + (-131054)/444. Let l = 1718 + r. What are the prime factors of l?
2, 3, 79
What are the prime factors of (-29766)/(-9) + 40/(-30)?
2, 3, 19, 29
Let d(k) = -k**2 - 11*k - 8. Let c be d(-8). Suppose 100 = 639*l - 634*l + 5*h, 3*l = 2*h + 75. Suppose l*s - c*s = 1610. What are the prime factors of s?
2, 5, 23
Let g(m) = -1154*m + 14. Let p(r) = r**2 - 18*r - 176. Let q be p(-7). List the prime factors of g(q).
2, 73
Suppose 0*s = -2*s + 4. Let n(h) = 22*h**3 - 79*h + 111*h - 26*h - 6 - 2*h**2. List the prime factors of n(s).
2, 3, 29
Suppose 0 = -4*c - 4 + 16. Let r = c + -3. Let u(m) = m + 68. What are the prime factors of u(r)?
2, 17
Let g(s) = -5*s**3 + 35*s**2 + 50*s + 91. Let j(y) = -y**3 + 7*y**2 + 10*y + 18. Let o(x) = -2*g(x) + 11*j(x). What are the prime factors of o(7)?
2, 43
Let g = -41 - -63. Suppose g = -3*c + 16. List the prime factors of (-1)/(-2)*(c/2 - -157).
2, 3, 13
Let h(r) = 586*r**2 - 59*r - 118. What are the prime factors of h(-3)?
5333
Let w(z) = 46*z - 9. Suppose -5*d - 3*d - 16 = 0. Let n be w(d). What are the prime factors of (-10)/(-15)*3 - n?
103
Let a(w) = -2*w**3 - 27*w**2 + 15*w + 16. Let u = -35 - -21. Let b be a(u). Suppose -3*s + 82 = -g, -b*s - 3*g = s - 78. What are the prime factors of s?
3
Suppose -u - 3 - 2 = 0. Let w be (12/15)/(u/(-25)). Suppose w*x = 6*x - 166. What are the prime factors of x?
83
Let r(k) = -3*k**2 - 5*k + 14. Let c(t) = -t**2 + t. Let x(h) = -4*c(h) + r(h). Let v be x(7). Suppose 21*q - 19*q - 72 = v. What are the prime factors of q?
2, 3
Suppose 7*t - 6 = 6*t. Let l(h) = 7*h - 32. Let w be l(t). Let b(p) = -2*p**2 + 31*p + 11. List the prime factors of b(w).
11
Suppose 0 = 3*n + 9, -n + 92973 = 4*m - 136748. What are the prime factors of m?
11, 23, 227
Suppose -306 = -165*d + 164*d. Suppose -d*s = -312*s + 2934. What are the prime factors of s?
3, 163
Let d = -127 - 80. Let j = d - -856. What are the prime factors of j?
11, 59
What are the prime factors of (34/85 + 56/10)/((-4)/(-4600))?
2, 3, 5, 23
Let j(u) = 7*u**3 + 2*u**2 - u - 2. Let q be j(1). Suppose -5*s + 3*l = -87, -l + 41 = -0*s + 3*s. What are the prime factors of (-1010)/s*(-9)/q?
101
Let g be 7/(49/18802) + -1. Suppose -3*c + g - 619 = n, 0 = 5*c - 4*n - 3432. What are the prime factors of c?
2, 43
Let v = 38216 - 15486. What are the prime factors of v?
2, 5, 2273
Let x(t) = 2407*t - 432. List the prime factors of x(7).
16417
Let n be 4 + (-4)/(-18) + 22/(-18). Suppose 4*q - 12 = -0*q, 0 = -n*c + 3*q - 21. What are the prime factors of (-404)/20*c + (-8)/10?
2, 5
Let c(v) = v**3 + 11*v**2 - 12*v + 3. Let k be c(-12). Let w be 4*k/18*(-9)/(-2). Suppose w*o = o - h + 137, 4*o = -h + 271. What are the prime factors of o?
67
Let i be 6/(-39) - (-22)/(-26). Let k be -3 + (-5 - (-3 + i)). List the prime factors of 3*k/(-6) - -37.
3, 13
List the prime factors of 63/(-189) - 824/(-6).
137
Let k(n) = 412*n**2 + 8*n + 28. What are the prime factors of k(-2)?
2, 5, 83
Let c be (-3)/2*8/3 - -7. Suppose 4*j + 5*u = -4801, -u - c*u - 1214 = j. What are the prime factors of (1 + j/30)*-5?
2, 97
Let x(l) = 0*l + 15 + 8 + 0*l - 11*l. Let a be x(13). List the prime factors of (a/3)/(6/(-15)).
2, 5
Let h(u) = -u**2 + 28*u + 289. Let b be h(33). Let j = 212 + b. List the prime factors of j.
2, 3, 7
Let d be (-84)/(-6) - ((-6)/(-2) + -6). Let m be -3 - 0 - (-7 + d). Let w = m - -145. What are the prime factors of w?
2, 3, 11
Let q = 3 - 7. Let w(k) be the first derivative of k**3/3 - k**2 - 7*k - 34. What are the prime factors of w(q)?
17
Suppose -3 = 6*h - 3*h. Let b be (-2)/2*(-1 + h + 8). Let a(p) = -p**2 - 11*p - 10. What are the prime factors of a(b)?
2, 5
Let c = 6541 - 4232. What are the prime factors of c/5 - (-96)/80?
463
Suppose 4*o + 2*p - 1720 - 26098 = 0, -34759 = -5*o + 2*p. List the prime factors of o.
17, 409
List the prime factors of (-4)/(-2) + 0 + -36 + 2825.
2791
Let l(h) = 2*h**3 - 23*h**2 + 15*h + 11. What are the prime factors of l(17)?
5, 13, 53
Let u(n) = 7*n**2 - n + 49. Suppose -3*q = 4*h - 32 - 4, 4*h = -5*q + 52. What are the prime factors of u(q)?
3, 163
Suppose -30*l - 60232